common factor of 668787535 and 260?
65
Calculate the highest common factor of 244 and 3409696.
4
Calculate the highest common factor of 6324706 and 55130.
74
What is the highest common factor of 7344 and 597000?
24
Calculate the highest common divisor of 162892 and 65427.
193
Calculate the highest common factor of 363 and 1769471.
11
What is the highest common divisor of 3708 and 234756?
36
Calculate the greatest common divisor of 732 and 1900516.
244
Calculate the highest common divisor of 20564 and 6019432.
388
Calculate the highest common divisor of 1890 and 22074570.
630
Calculate the greatest common divisor of 83237 and 10373.
253
What is the highest common factor of 1914 and 21916576?
638
Calculate the greatest common divisor of 114361 and 12692.
19
Calculate the greatest common divisor of 658315 and 1470.
245
Calculate the greatest common factor of 262974195 and 4455.
4455
What is the highest common factor of 903 and 2625?
21
What is the highest common factor of 18773580 and 420?
420
What is the highest common factor of 897 and 108108533?
299
What is the greatest common factor of 2513436 and 1?
1
What is the greatest common divisor of 85 and 471595895?
85
Calculate the highest common divisor of 276 and 78228.
12
Calculate the greatest common divisor of 16963111 and 1573.
121
What is the highest common divisor of 36616975 and 100?
25
Calculate the greatest common factor of 155176 and 1562192.
1304
What is the highest common factor of 62697024 and 572?
52
What is the highest common factor of 864 and 429376?
32
Calculate the greatest common divisor of 20044476 and 2511.
837
What is the greatest common factor of 33 and 31140241?
11
What is the highest common divisor of 90 and 6471570?
30
Calculate the highest common factor of 48360 and 1530780.
1860
Calculate the highest common factor of 1252 and 4755722.
626
Calculate the greatest common divisor of 101283 and 26607.
147
What is the highest common factor of 1586 and 7349?
1
What is the highest common divisor of 572137 and 5?
1
Calculate the greatest common divisor of 8882801 and 13951.
1993
What is the greatest common factor of 45 and 17087850?
45
What is the highest common divisor of 278417 and 122183?
2003
Calculate the highest common factor of 338 and 88335286.
338
Calculate the greatest common divisor of 388596 and 35616.
636
What is the greatest common factor of 44161 and 784019?
43
What is the highest common factor of 37686 and 29166?
6
Calculate the highest common factor of 327368158 and 1076.
538
What is the highest common divisor of 496 and 22599992?
248
Calculate the greatest common factor of 944 and 481838840.
472
What is the highest common factor of 66049 and 570797?
257
What is the highest common divisor of 803599 and 417824?
1187
Calculate the greatest common divisor of 4484502 and 2376.
198
What is the highest common factor of 54500 and 47420?
20
Calculate the highest common divisor of 25350067 and 44875.
359
Calculate the greatest common divisor of 42552 and 837816966.
10638
Calculate the highest common factor of 1266 and 57390.
6
What is the highest common divisor of 65095812 and 12159?
1737
Calculate the greatest common factor of 2602083 and 2813.
29
Calculate the highest common divisor of 1395 and 66015.
45
Calculate the highest common divisor of 13 and 9589.
1
What is the greatest common divisor of 286960 and 85680?
1360
What is the greatest common factor of 143688 and 948?
12
Calculate the highest common factor of 126186 and 43.
1
What is the greatest common divisor of 1054 and 13606706?
62
Calculate the greatest common divisor of 633729 and 5307.
183
Calculate the greatest common factor of 676288311 and 423.
141
What is the highest common divisor of 8 and 5940098?
2
Calculate the highest common divisor of 214270668 and 6024.
3012
Calculate the highest common divisor of 1830044 and 68.
4
Calculate the highest common divisor of 261620 and 4831588.
508
Calculate the greatest common factor of 54 and 35136801.
27
Calculate the highest common divisor of 2842 and 6209248.
58
Calculate the highest common divisor of 23287 and 176726.
319
Calculate the highest common divisor of 3538 and 930262.
58
Calculate the greatest common factor of 377 and 381043.
13
What is the greatest common divisor of 1381666 and 42757?
143
Calculate the highest common factor of 2109873093 and 291.
291
What is the highest common divisor of 5040 and 8539160?
280
Calculate the greatest common factor of 1082 and 751729779.
541
What is the highest common divisor of 70776 and 15984?
72
What is the highest common divisor of 678336312 and 102?
102
Calculate the highest common factor of 3032 and 4232.
8
Calculate the highest common divisor of 114 and 79527559.
19
What is the greatest common divisor of 2371187 and 1621711?
6461
Calculate the greatest common divisor of 332 and 588431903.
83
What is the greatest common factor of 146264 and 16583848?
3112
What is the greatest common divisor of 16533297 and 69?
69
What is the highest common divisor of 1002 and 771888?
6
Calculate the highest common factor of 2115284 and 52.
4
What is the highest common factor of 37841 and 451090?
79
What is the highest common divisor of 22 and 22840345?
11
Calculate the greatest common factor of 6240160 and 426290.
9070
Calculate the highest common divisor of 469590 and 29865.
165
What is the greatest common divisor of 435 and 66441?
3
What is the highest common factor of 2997 and 51399?
9
Calculate the greatest common divisor of 28747044 and 2604.
372
Calculate the greatest common divisor of 169128 and 46539.
9
What is the greatest common divisor of 5464 and 11608?
8
Calculate the greatest common factor of 29627 and 10304047.
559
What is the greatest common factor of 63991 and 5574407?
719
What is the highest common factor of 6248 and 127336?
88
Calculate the highest common factor of 2609813771 and 31.
31
What is the highest common divisor of 2408147 and 49?
7
Calculate the greatest common divisor of 6440 and 277424.
56
What is the highest common divisor of 3469433 and 18073?
583
Calculate the greatest common factor of 151 and 28069843.
151
Calculate the highest common factor of 31263 and 34.
17
Calculate the highest common divisor of 9260140 and 135100.
3860
Calculate the highest common divisor of 2892 and 13644938.
482
What is the greatest common factor of 354 and 23181926?
118
What is the greatest common divisor of 63 and 233181?
9
Calculate the highest common factor of 600 and 1518450600.
600
Calculate the greatest common divisor of 6307 and 39975992.
371
Calculate the greatest common factor of 3217755 and 1.
1
Calculate the greatest common factor of 6741 and 13854681.
963
What is the greatest common divisor of 34186075 and 28595?
1505
What is the highest common factor of 241920 and 55755?
945
Calculate the highest common factor of 8082 and 581573985.
1347
What is the greatest common factor of 147 and 201918808?
49
Calculate the highest common factor of 89787 and 25258.
173
What is the highest common divisor of 1305 and 44736560?
145
What is the highest common factor of 92200 and 17704705?
2305
Calculate the highest common divisor of 5222 and 28154.
14
Calculate the greatest common divisor of 127 and 266527153.
127
Calculate the greatest common factor of 924 and 219738.
6
What is the highest common divisor of 306 and 1188258?
6
Calculate the highest common divisor of 313438725 and 17100.
4275
What is the greatest common divisor of 70096 and 22075859?
4381
Calculate the highest common divisor of 5656 and 7498442.
1414
Calculate the highest common factor of 34 and 188189133.
17
What is the greatest common divisor of 1213248 and 14200?
568
What is the greatest common divisor of 846 and 12653716?
94
What is the highest common factor of 91 and 259230348?
13
What is the highest common factor of 740 and 313164448?
148
What is the greatest common factor of 1792680 and 360?
120
What is the greatest common factor of 24012927 and 153?
9
Calculate the highest common divisor of 2685316 and 543.
181
Calculate the highest common divisor of 1485445617 and 439.
439
Calculate the greatest common factor of 1116 and 1117071.
9
Calculate the greatest common factor of 53652 and 29733.
51
Calculate the greatest common divisor of 156 and 4871451.